{"id":128,"date":"2012-05-17T11:28:39","date_gmt":"2012-05-17T11:28:39","guid":{"rendered":"http:\/\/www.kfkloja.com.br\/site\/?page_id=128"},"modified":"2014-01-03T10:41:21","modified_gmt":"2014-01-03T10:41:21","slug":"fios-e-cabos","status":"publish","type":"page","link":"https:\/\/www.kfkloja.com.br\/site\/produtos\/fios-e-cabos\/","title":{"rendered":"Fios e Cabos"},"content":{"rendered":"<p>[nggallery id=21]<\/p>\n<p style=\"text-align: justify;\">Temos grande variedade de cabos nas mais diversas aplica\u00e7\u00f5es, para uso em <strong>Telefonia, Inform\u00e1tica, Seguran\u00e7a e CFTV.<\/strong> <strong style=\"text-align: justify;\"><\/strong><\/p>\n","protected":false},"excerpt":{"rendered":"<p>[nggallery id=21] Temos grande variedade de cabos nas mais diversas aplica\u00e7\u00f5es, para uso em Telefonia, Inform\u00e1tica, Seguran\u00e7a e CFTV.<\/p>\n","protected":false},"author":3,"featured_media":0,"parent":15,"menu_order":0,"comment_status":"closed","ping_status":"closed","template":"","meta":[],"_links":{"self":[{"href":"https:\/\/www.kfkloja.com.br\/site\/wp-json\/wp\/v2\/pages\/128"}],"collection":[{"href":"https:\/\/www.kfkloja.com.br\/site\/wp-json\/wp\/v2\/pages"}],"about":[{"href":"https:\/\/www.kfkloja.com.br\/site\/wp-json\/wp\/v2\/types\/page"}],"author":[{"embeddable":true,"href":"https:\/\/www.kfkloja.com.br\/site\/wp-json\/wp\/v2\/users\/3"}],"replies":[{"embeddable":true,"href":"https:\/\/www.kfkloja.com.br\/site\/wp-json\/wp\/v2\/comments?post=128"}],"version-history":[{"count":9,"href":"https:\/\/www.kfkloja.com.br\/site\/wp-json\/wp\/v2\/pages\/128\/revisions"}],"predecessor-version":[{"id":319,"href":"https:\/\/www.kfkloja.com.br\/site\/wp-json\/wp\/v2\/pages\/128\/revisions\/319"}],"up":[{"embeddable":true,"href":"https:\/\/www.kfkloja.com.br\/site\/wp-json\/wp\/v2\/pages\/15"}],"wp:attachment":[{"href":"https:\/\/www.kfkloja.com.br\/site\/wp-json\/wp\/v2\/media?parent=128"}],"curies":[{"name":"wp","href":"https:\/\/api.w.org\/{rel}","templated":true}]}}