{"id":132,"date":"2012-05-17T11:29:37","date_gmt":"2012-05-17T11:29:37","guid":{"rendered":"http:\/\/www.kfkloja.com.br\/site\/?page_id=132"},"modified":"2012-06-11T12:01:01","modified_gmt":"2012-06-11T12:01:01","slug":"protetores","status":"publish","type":"page","link":"https:\/\/www.kfkloja.com.br\/site\/produtos\/protetores\/","title":{"rendered":"Protetores"},"content":{"rendered":"<p>[nggallery id=13]<\/p>\n<p style=\"text-align: justify;\">Desenvolvidos para proteger e desviar o excesso de tens\u00e3o nas linhas telef\u00f4nicas, s\u00e3o\u00a0aplicados em \u00a0linhas ou ramais externos (&#8220;fora de area&#8221;,\u00a0sitios, etc), ou em localidades residenciais nas cidades onde a incid\u00eancia de descarga na linha telef\u00f4nica ocorre com certa frequ\u00eancia.\u00a0<\/p>\n","protected":false},"excerpt":{"rendered":"<p>[nggallery id=13] Desenvolvidos para proteger e desviar o excesso de tens\u00e3o nas linhas telef\u00f4nicas, s\u00e3o\u00a0aplicados em \u00a0linhas ou ramais externos (&#8220;fora de area&#8221;,\u00a0sitios, etc), ou em localidades residenciais nas cidades onde a incid\u00eancia de descarga na linha telef\u00f4nica ocorre com certa frequ\u00eancia.\u00a0<\/p>\n","protected":false},"author":3,"featured_media":0,"parent":15,"menu_order":0,"comment_status":"closed","ping_status":"closed","template":"","meta":[],"_links":{"self":[{"href":"https:\/\/www.kfkloja.com.br\/site\/wp-json\/wp\/v2\/pages\/132"}],"collection":[{"href":"https:\/\/www.kfkloja.com.br\/site\/wp-json\/wp\/v2\/pages"}],"about":[{"href":"https:\/\/www.kfkloja.com.br\/site\/wp-json\/wp\/v2\/types\/page"}],"author":[{"embeddable":true,"href":"https:\/\/www.kfkloja.com.br\/site\/wp-json\/wp\/v2\/users\/3"}],"replies":[{"embeddable":true,"href":"https:\/\/www.kfkloja.com.br\/site\/wp-json\/wp\/v2\/comments?post=132"}],"version-history":[{"count":6,"href":"https:\/\/www.kfkloja.com.br\/site\/wp-json\/wp\/v2\/pages\/132\/revisions"}],"predecessor-version":[{"id":134,"href":"https:\/\/www.kfkloja.com.br\/site\/wp-json\/wp\/v2\/pages\/132\/revisions\/134"}],"up":[{"embeddable":true,"href":"https:\/\/www.kfkloja.com.br\/site\/wp-json\/wp\/v2\/pages\/15"}],"wp:attachment":[{"href":"https:\/\/www.kfkloja.com.br\/site\/wp-json\/wp\/v2\/media?parent=132"}],"curies":[{"name":"wp","href":"https:\/\/api.w.org\/{rel}","templated":true}]}}